{"id":2,"date":"2016-05-10T03:48:21","date_gmt":"2016-05-10T03:48:21","guid":{"rendered":"http:\/\/wp.barbaramauch.de\/?page_id=2"},"modified":"2019-10-02T14:22:38","modified_gmt":"2019-10-02T14:22:38","slug":"sample-page","status":"publish","type":"page","link":"https:\/\/barbaramauch.de\/?page_id=2","title":{"rendered":"Impressum"},"content":{"rendered":"<div class=\"fusion-fullwidth fullwidth-box fusion-builder-row-1 nonhundred-percent-fullwidth non-hundred-percent-height-scrolling\" style=\"--awb-border-radius-top-left:0px;--awb-border-radius-top-right:0px;--awb-border-radius-bottom-right:0px;--awb-border-radius-bottom-left:0px;--awb-flex-wrap:wrap;\" ><div class=\"fusion-builder-row fusion-row\"><div class=\"fusion-layout-column fusion_builder_column fusion-builder-column-0 fusion_builder_column_1_1 1_1 fusion-one-full fusion-column-first fusion-column-last\" style=\"--awb-bg-size:cover;--awb-margin-top:0px;--awb-margin-bottom:0px;\"><div class=\"fusion-column-wrapper fusion-flex-column-wrapper-legacy\"><div class=\"fusion-text fusion-text-1\"><p class=\"bodytext\"><b>Verantwortlich f\u00fcr die Webseite:<\/b><\/p>\n<p><b>Barbara Mauch <\/b><br \/>\nBreitene 15<br \/>\nD 78333 Stockach-Espasingen<br \/>\nTel. +49 (0) 151 20 975 0 70<br \/>\n<a class=\"mail\" href=\"mailto:info@singing-barbara.de\">info@singing-barbara.de<\/a><\/p>\n<p><b>Konzeption &amp; Gestaltung<\/b><br \/>\n<a class=\"external-link-new-window\" title=\"www.designum.de\" href=\"http:\/\/www.design-und-mehr.de\/\" target=\"_blank\" rel=\"noopener noreferrer\">www.design-und-mehr.de<\/a><\/p>\n<p class=\"bodytext\"><b>Urheberrecht:<\/b><br \/>\nBilder, Layout und Gestaltung des Angebots insgesamt sowie seiner einzelnen Elemente sind urheberrechtlich gesch\u00fctzt. Weiterverwendung und Vervielf\u00e4ltigung sind nur zu privaten Zwecken gestattet, Ver\u00e4nderungen d\u00fcrfen daran nicht vorgenommen werden. Eine \u00f6ffentliche Verwendung des Angebots auch auszugsweise darf nur mit Zustimmung von Barbara Mauch erfolgen.<br \/>\nWir danken den Fotografen f\u00fcr ihre Kunst und die \u00dcberlassung ihrer Werke.<\/p>\n<p><b><br \/>\nHaftungsausschlu\u00df:<\/b><br \/>\nDie in www.barbaramauch.de ver\u00f6ffentlichten Inhalte sind mit gr\u00f6\u00dfter Sorgfalt recherchiert. Dennoch kann Barbara Mauch keine Gew\u00e4hr f\u00fcr die Richtigkeit \u00fcbernehmen. Alle Angaben erfolgen ohne Gew\u00e4hr. Eine Haftung f\u00fcr Sch\u00e4den, die sich aus der Verwendung der in www.barbaramuach.de ver\u00f6ffentlichten Inhalte ergeben, durch den Betreiber bzw. die einstellenden Inhaltepartner ist ausgeschlossen.<br \/>\nMit Urteil vom 12. Mai 1998 hat das Landgericht Hamburg (LGH) entschieden, dass man durch die Anbringung eines Links die Inhalte der gelinkten Seite ggf. mit zu verantworten hat. Dies kann, so das LGH, nur dadurch verhindert werden, dass man sich ausdr\u00fccklich von diesen Inhalten distanziert. Deshalb weisen wir ausdr\u00fccklich darauf hin, dass wir keine Verantwortung f\u00fcr Inhalte s\u00e4mtlicher bei www.barbaramauch.de verlinkten Homepages \u00fcbernehmen. Bitte bedenken Sie, dass wir keinerlei Einfluss auf die Gestaltung und die Inhalte der gelinkten Seiten haben. Die Betreiber der jeweiligen Seiten handeln in Eigenverantwortung und unterliegen dem jeweiligen Landesrecht.<\/p>\n<p><b>Medienhinweis: <\/b><br \/>\nJegliche werbliche &amp; kommerzielle Nutzung der Bilder ist untersagt. Pressebilder, die zum Download zu Verf\u00fcgung stehen, sind nur zur redaktionellen Verwendung im Zusammenhang mit der Berichterstattung oder Bewerbung von Auftritten von Barbara Mauch freigegeben. Bei Fragen wenden Sie sich bitte an die K\u00fcnstlerin.<\/p>\n<\/div><div class=\"fusion-clearfix\"><\/div><\/div><\/div><\/div><\/div>\n","protected":false},"excerpt":{"rendered":"","protected":false},"author":1,"featured_media":0,"parent":0,"menu_order":0,"comment_status":"closed","ping_status":"open","template":"","meta":{"footnotes":""},"class_list":["post-2","page","type-page","status-publish","hentry"],"_links":{"self":[{"href":"https:\/\/barbaramauch.de\/index.php?rest_route=\/wp\/v2\/pages\/2","targetHints":{"allow":["GET"]}}],"collection":[{"href":"https:\/\/barbaramauch.de\/index.php?rest_route=\/wp\/v2\/pages"}],"about":[{"href":"https:\/\/barbaramauch.de\/index.php?rest_route=\/wp\/v2\/types\/page"}],"author":[{"embeddable":true,"href":"https:\/\/barbaramauch.de\/index.php?rest_route=\/wp\/v2\/users\/1"}],"replies":[{"embeddable":true,"href":"https:\/\/barbaramauch.de\/index.php?rest_route=%2Fwp%2Fv2%2Fcomments&post=2"}],"version-history":[{"count":2,"href":"https:\/\/barbaramauch.de\/index.php?rest_route=\/wp\/v2\/pages\/2\/revisions"}],"predecessor-version":[{"id":951,"href":"https:\/\/barbaramauch.de\/index.php?rest_route=\/wp\/v2\/pages\/2\/revisions\/951"}],"wp:attachment":[{"href":"https:\/\/barbaramauch.de\/index.php?rest_route=%2Fwp%2Fv2%2Fmedia&parent=2"}],"curies":[{"name":"wp","href":"https:\/\/api.w.org\/{rel}","templated":true}]}}

<div class="fusion-fullwidth fullwidth-box fusion-builder-row-1 nonhundred-percent-fullwidth non-hundred-percent-height-scrolling" style="--awb-border-radius-top-left:0px;--awb-border-radius-top-right:0px;--awb-border-radius-bottom-right:0px;--awb-border-radius-bottom-left:0px;--awb-flex-wrap:wrap;" ><div class="fusion-builder-row fusion-row"><div class="fusion-layout-column fusion_builder_column fusion-builder-column-0 fusion_builder_column_1_1 1_1 fusion-one-full fusion-column-first fusion-column-last" style="--awb-bg-size:cover;--awb-margin-top:0px;--awb-margin-bottom:0px;"><div class="fusion-column-wrapper fusion-flex-column-wrapper-legacy"><div class="fusion-text fusion-text-1"><p class="bodytext"><b>Verantwortlich für die Webseite:</b></p>
<p><b>Barbara Mauch </b><br />
Breitene 15<br />
D 78333 Stockach-Espasingen<br />
Tel. +49 (0) 151 20 975 0 70<br />
<a class="mail" href="mailto:info@singing-barbara.de">info@singing-barbara.de</a></p>
<p><b>Konzeption &amp; Gestaltung</b><br />
<a class="external-link-new-window" title="www.designum.de" href="http://www.design-und-mehr.de/" target="_blank" rel="noopener noreferrer">www.design-und-mehr.de</a></p>
<p class="bodytext"><b>Urheberrecht:</b><br />
Bilder, Layout und Gestaltung des Angebots insgesamt sowie seiner einzelnen Elemente sind urheberrechtlich geschützt. Weiterverwendung und Vervielfältigung sind nur zu privaten Zwecken gestattet, Veränderungen dürfen daran nicht vorgenommen werden. Eine öffentliche Verwendung des Angebots auch auszugsweise darf nur mit Zustimmung von Barbara Mauch erfolgen.<br />
Wir danken den Fotografen für ihre Kunst und die Überlassung ihrer Werke.</p>
<p><b><br />
Haftungsausschluß:</b><br />
Die in www.barbaramauch.de veröffentlichten Inhalte sind mit größter Sorgfalt recherchiert. Dennoch kann Barbara Mauch keine Gewähr für die Richtigkeit übernehmen. Alle Angaben erfolgen ohne Gewähr. Eine Haftung für Schäden, die sich aus der Verwendung der in www.barbaramuach.de veröffentlichten Inhalte ergeben, durch den Betreiber bzw. die einstellenden Inhaltepartner ist ausgeschlossen.<br />
Mit Urteil vom 12. Mai 1998 hat das Landgericht Hamburg (LGH) entschieden, dass man durch die Anbringung eines Links die Inhalte der gelinkten Seite ggf. mit zu verantworten hat. Dies kann, so das LGH, nur dadurch verhindert werden, dass man sich ausdrücklich von diesen Inhalten distanziert. Deshalb weisen wir ausdrücklich darauf hin, dass wir keine Verantwortung für Inhalte sämtlicher bei www.barbaramauch.de verlinkten Homepages übernehmen. Bitte bedenken Sie, dass wir keinerlei Einfluss auf die Gestaltung und die Inhalte der gelinkten Seiten haben. Die Betreiber der jeweiligen Seiten handeln in Eigenverantwortung und unterliegen dem jeweiligen Landesrecht.</p>
<p><b>Medienhinweis: </b><br />
Jegliche werbliche &amp; kommerzielle Nutzung der Bilder ist untersagt. Pressebilder, die zum Download zu Verfügung stehen, sind nur zur redaktionellen Verwendung im Zusammenhang mit der Berichterstattung oder Bewerbung von Auftritten von Barbara Mauch freigegeben. Bei Fragen wenden Sie sich bitte an die Künstlerin.</p>
</div><div class="fusion-clearfix"></div></div></div></div></div>
